 the remainder when 12961565 is divided by 985.
935
What is the remainder when 1532036 is divided by 609?
401
Calculate the remainder when 59365 is divided by 1965.
415
Calculate the remainder when 13572955 is divided by 253.
11
Calculate the remainder when 104591044 is divided by 42.
40
Calculate the remainder when 2168847 is divided by 761.
758
Calculate the remainder when 1523424 is divided by 7540.
344
Calculate the remainder when 7077259 is divided by 20.
19
Calculate the remainder when 460301 is divided by 22525.
9801
What is the remainder when 91468586 is divided by 50?
36
Calculate the remainder when 758521 is divided by 379260.
1
Calculate the remainder when 25880045 is divided by 72.
5
Calculate the remainder when 29382 is divided by 13675.
2032
What is the remainder when 61741220 is divided by 30870608?
4
What is the remainder when 10281460 is divided by 2570341?
96
Calculate the remainder when 149972 is divided by 37.
11
What is the remainder when 2802299 is divided by 95?
84
What is the remainder when 54749 is divided by 1091?
199
Calculate the remainder when 976385 is divided by 976150.
235
What is the remainder when 15242551 is divided by 8?
7
Calculate the remainder when 526740 is divided by 52673.
10
Calculate the remainder when 2200609 is divided by 1003.
27
Calculate the remainder when 8293319 is divided by 2943.
2888
Calculate the remainder when 225637 is divided by 225619.
18
What is the remainder when 124459 is divided by 77?
27
Calculate the remainder when 72300 is divided by 6322.
2758
What is the remainder when 249416 is divided by 338?
310
What is the remainder when 1704507 is divided by 426106?
83
What is the remainder when 570890 is divided by 4838?
6
What is the remainder when 1141361 is divided by 378?
179
What is the remainder when 192184 is divided by 3568?
3080
Calculate the remainder when 399756 is divided by 19033.
63
What is the remainder when 309641822 is divided by 5911?
5909
Calculate the remainder when 191439752 is divided by 5.
2
Calculate the remainder when 5982842 is divided by 127.
126
What is the remainder when 180567 is divided by 1612?
23
What is the remainder when 4339791 is divided by 1497?
1485
What is the remainder when 32083125 is divided by 189?
186
What is the remainder when 2436501 is divided by 1785?
1761
Calculate the remainder when 286885 is divided by 2508.
973
Calculate the remainder when 5717747 is divided by 806.
789
What is the remainder when 101980 is divided by 2558?
2218
What is the remainder when 53674 is divided by 501?
67
What is the remainder when 752906 is divided by 3077?
2118
What is the remainder when 2250146 is divided by 1044?
326
Calculate the remainder when 2360032 is divided by 3343.
3217
Calculate the remainder when 102881 is divided by 1025.
381
What is the remainder when 361177757 is divided by 1154?
1145
What is the remainder when 216231 is divided by 976?
535
Calculate the remainder when 22845 is divided by 13.
4
What is the remainder when 447384 is divided by 15978?
0
Calculate the remainder when 119293 is divided by 99.
97
What is the remainder when 3749909 is divided by 11329?
10
Calculate the remainder when 116723 is divided by 16493.
1272
What is the remainder when 617639 is divided by 34313?
5
What is the remainder when 18883 is divided by 6078?
649
What is the remainder when 504065 is divided by 2154?
29
What is the remainder when 79823838 is divided by 6963?
6
Calculate the remainder when 2445127 is divided by 461.
444
Calculate the remainder when 161713 is divided by 10104.
49
What is the remainder when 28576171 is divided by 278?
273
Calculate the remainder when 24652 is divided by 11390.
1872
Calculate the remainder when 4499662 is divided by 4.
2
Calculate the remainder when 1568144 is divided by 275.
94
What is the remainder when 962004 is divided by 8437?
186
What is the remainder when 144238 is divided by 47940?
418
What is the remainder when 132683 is divided by 860?
243
What is the remainder when 23460045 is divided by 4692009?
0
What is the remainder when 5030248 is divided by 190?
188
What is the remainder when 22522068 is divided by 40?
28
Calculate the remainder when 197320 is divided by 2324.
2104
What is the remainder when 42176 is divided by 14048?
32
Calculate the remainder when 6671316 is divided by 4772.
60
Calculate the remainder when 219145 is divided by 54468.
1273
What is the remainder when 259235705 is divided by 10357?
10352
What is the remainder when 2391812 is divided by 619?
615
What is the remainder when 3694998 is divided by 739?
737
Calculate the remainder when 812914 is divided by 219.
205
Calculate the remainder when 19736587 is divided by 485.
482
Calculate the remainder when 3076746 is divided by 157.
17
What is the remainder when 627058 is divided by 267?
142
What is the remainder when 48997 is divided by 8141?
151
Calculate the remainder when 82969 is divided by 6379.
42
What is the remainder when 14473 is divided by 9111?
5362
Calculate the remainder when 799063 is divided by 210.
13
What is the remainder when 39855132 is divided by 4428347?
9
Calculate the remainder when 7849 is divided by 7787.
62
What is the remainder when 2039195 is divided by 92?
15
Calculate the remainder when 226271 is divided by 783.
767
What is the remainder when 41142 is divided by 37374?
3768
What is the remainder when 10666024 is divided by 12302?
190
Calculate the remainder when 1167602 is divided by 291887.
54
What is the remainder when 67869625 is divided by 1982?
1981
Calculate the remainder when 21419480 is divided by 78.
56
What is the remainder when 396027 is divided by 486?
423
What is the remainder when 670865 is divided by 6452?
6309
What is the remainder when 8380 is divided by 1651?
125
Calculate the remainder when 5205445 is divided by 60522.
553
Calculate the remainder when 148827 is divided by 23.
17
What is the remainder when 59795714 is divided by 1688?
2
Calculate the remainder when 263826 is divided by 91.
17
What is the remainder when 15168133 is divided by 3341?
3334
Calculate the remainder when 929561 is divided by 185898.
71
What is the remainder when 12598 is divided by 1338?
556
What is the remainder when 190072 is divided by 94960?
152
What is the remainder when 14093247 is divided by 375?
372
Calculate the remainder when 1780851 is divided by 593587.
90
What is the remainder when 735095 is divided by 91881?
47
What is the remainder when 66152 is divided by 16524?
56
What is the remainder when 5881 is divided by 3056?
2825
Calculate the remainder when 972747 is divided by 1198.
1169
What is the remainder when 8885557 is divided by 66310?
17
What is the remainder when 3269146 is divided by 17?
12
What is the remainder when 108583 is divided by 15462?
349
What is the remainder when 571479 is divided by 81637?
20
What is the remainder when 5069332 is divided by 21?
16
What is the remainder when 265126 is divided by 32059?
8654
Calculate the remainder when 3390814 is divided by 312.
310
Calculate the remainder when 146918023 is divided by 88.
87
Calculate the remainder when 101262187 is divided by 1174.
1165
What is the remainder when 5210063 is divided by 81?
62
What is the remainder when 5994 is divided by 1925?
219
Calculate the remainder when 276395052 is divided by 583.
582
What is the remainder when 3513474 is divided by 3197?
3168
What is the remainder when 1873951 is divided by 461?
447
Calculate the remainder when 2837140 is divided by 1518.
1516
Calculate the remainder when 2223700 is divided by 6.
4
What is the remainder when 44942 is divided by 1249?
1227
What is the remainder when 40074 is divided by 326?
302
Calculate the remainder when 11495075 is divided by 23.
20
Calculate the remainder when 4177085 is divided by 874.
239
Calculate the remainder when 202617 is divided by 8100.
117
What is the remainder when 7617880 is divided by 55?
50
Calculate the remainder when 648381405 is divided by 24.
21
Calculate the remainder when 1167173470 is divided by 2533.
2532
Calculate the remainder when 144459609 is divided by 8244.
8241
Calculate the remainder when 1548632 is divided by 17207.
2
Calculate the remainder when 496018 is divided by 14.
12
Calculate the remainder when 173632 is divided by 43269.
55